
Let u(l) = l. Let t be u(0). Suppose 3*q + 4*r = r - 15, -3*r = t. Let o = -4 - q. Calculate the remainder when o is divided by 1.
0
Suppose -2*j + 96 = -0*j. Suppose -3*d - 57 = 5*z, 2*z + 4*d + 21 - 1 = 0. Let t(p) = -p**2 - 14*p + 1. Calculate the remainder when j is divided by t(z).
23
Let j(o) = o**3 - 7*o**2 + o + 8. Let f = -14 + 21. Let l be j(f). Suppose -5*y + l = 0, -n - n + 74 = 4*y. What is the remainder when n is divided by 16?
15
Suppose 0*h = -5*z - h + 10, -z = -3*h - 18. What is the remainder when (8 + 22)/6*(0 - -1) is divided by z?
2
Suppose 2*h - 866 + 362 = 0. What is the remainder when h is divided by 23?
22
Let d(u) = u**3 - 3. Let a = -39 + 43. Suppose 4*p - 6*x = -2*x + 56, x - 31 = -a*p. Calculate the remainder when d(3) is divided by p.
6
Suppose -632 = -20*a + 48. What is the remainder when 94 is divided by a?
26
Let b = 1068 - 860. Calculate the remainder when b is divided by 95.
18
Let i(x) = -53*x + 350. What is the remainder when i(4) is divided by 20?
18
Suppose 12*g + 220 = 5*r + 14*g, -g = 5*r - 220. What is the remainder when 229 is divided by r?
9
Let b(x) = 45*x. Let s be b(1). Let t = -10 + s. What is the remainder when (5/(-1))/((-7)/t) is divided by 9?
7
Let j be 0/6*(-2)/2. What is the remainder when 46 is divided by (-1)/(3/(-21) - j)?
4
Let c(k) = 2*k + 45. Calculate the remainder when c(7) is divided by 33.
26
Suppose -2*w - i - 57 = 0, 83 = -5*w + 4*i - 27. Let c = 113 + w. What is the remainder when c is divided by 1593/(-118)*-1*(-4)/(-3)?
15
Suppose 36*p = 37*p - 3. Suppose -d = d + p*b - 10, -5*d = -3*b - 46. What is the remainder when 45 is divided by d?
5
Let x = 6 - -9. Suppose 310 = 5*y - 3*w, y - 54 = -6*w + 5*w. Calculate the remainder when y is divided by x.
14
Suppose 5*m - 180 = 5*r, 0*m + 126 = 3*m + 3*r. Calculate the remainder when 271 is divided by m.
37
Let y(g) = 7*g**2 + 2*g - 1. Let b be y(1). Suppose 2*w = -4*m + 24, -3*w = -b + 2. Calculate the remainder when (m/15)/(1/129) is divided by 11.
10
Let c(b) = 2*b**2 + 41*b - 29. Let p = 6 - 10. Calculate the remainder when c(-22) is divided by ((-5)/p)/(4/32).
7
Let g(f) = 6*f - 54. Let m be g(11). Suppose m*s - 1160 = -200. Calculate the remainder when s is divided by 23.
11
Suppose -3*m = 5*l - 236 + 67, 3*l = -4*m + 218. Calculate the remainder when 257 is divided by m.
45
Suppose 3*k - 5*f = 943 - 110, 3*k - 883 = -5*f. What is the remainder when k is divided by (32/(-6))/((-1)/(-12)*-2)?
30
Let w(x) = -45*x - 4. Calculate the remainder when w(-5) is divided by 32.
29
Let r = 4 + 0. Suppose -46 = -i - i - t, -118 = -5*i - r*t. Calculate the remainder when i is divided by 6.
4
Let u(g) = g**2 + 5*g - 22. Let c be u(0). Let k = 22 + 8. Let p = c + k. Calculate the remainder when p is divided by 4.
0
Let i = 2404 - 2383. What is the remainder when 75 is divided by i?
12
What is the remainder when 1115 is divided by (7 + (-2470)/10)*1/(-3)?
75
Suppose 118*z = 113*z + 245. What is the remainder when z is divided by 18?
13
Let z be (-4 - -2) + 0 + 2. Let v = -6 + z. Let l = v + 11. Calculate the remainder when 8 is divided by l.
3
Suppose -g + 4*t + 82 = 9, 3 = 3*t. What is the remainder when 199 is divided by g?
45
Let o(n) be the second derivative of 3*n**5/10 - n**4/6 - n. Let j(m) = -m**2 - 27*m + 2. Let r be j(-27). What is the remainder when o(r) is divided by 21?
19
Let u = -33 + 37. Suppose -4*r - u*a - 4 = 0, 2*a - 18 - 10 = 3*r. What is the remainder when -1*r/(-2) + 9 is divided by 2?
0
Let l = 28 - -15. Calculate the remainder when l is divided by 198/(-12)*(-2)/3.
10
Let y be 0/(-19) - (-1 + 1). Suppose 0 = -2*l + 3*l - 56. Suppose y = 3*b + b - l. Calculate the remainder when 26 is divided by b.
12
Let t(l) be the first derivative of 5*l**2/2 - 27*l - 17. Calculate the remainder when t(13) is divided by 8.
6
Let o(f) = 39*f + 99. Calculate the remainder when o(21) is divided by 40.
38
Suppose -18 = -4*x + 14. Let g = -577 + 600. Calculate the remainder when g is divided by x.
7
Suppose -96 + 26 = -2*f. Calculate the remainder when 43 is divided by (-10)/f - (-163)/7.
20
Calculate the remainder when (-854)/(-4) + -3 + 9/2 is divided by 46.
31
Suppose 223 = 3*h - o, -h + o = -6*h + 361. Let c = h - -9. What is the remainder when c is divided by 42?
40
Let h = -214 - -221. Suppose 2*l = -2*l + 76. Calculate the remainder when l is divided by h.
5
Suppose -4*a - 3*r + 251 = 0, 5*r = -a + 3*a - 145. Suppose 5*o = 2*i - i + 70, 2*i + a = 5*o. Calculate the remainder when 86 is divided by o.
11
Let j(l) = -l**3 - 4*l**2 + 2. Let t(q) = q**2 - 3*q - 4. Let c be t(5). Suppose -2*g - 316 = -c*g. Calculate the remainder when g is divided by j(-5).
25
Let r(z) = 6*z**2 + 5*z - 13. Let p be r(2). Let a = p - -21. What is the remainder when 122 is divided by a?
38
Let u be 227/3 + -5*(-2)/30. Let m = -46 + u. What is the remainder when 59 is divided by m?
29
Suppose 2*f = -5 - 21. Let z = f - -38. Suppose 2 = -d + 9. What is the remainder when z is divided by d?
4
Suppose 3*v + 21 = 10*v. Suppose y - v*b = b + 7, 4*b = -4*y + 68. Calculate the remainder when 53 is divided by y.
8
Let r be 390/5 + 0 + 0. Suppose -r = -5*j + 47. What is the remainder when 4/(-8)*2 + j is divided by 13?
11
Let n = -10 + 33. Let q(a) = -a + 3. Let h be q(-2). Suppose 0*i = -h*x - 2*i + 42, -2 = -2*i. What is the remainder when n is divided by x?
7
Let y be -21 - 0/(0 - 2). Suppose 29*n - 204 = 35*n. Let v = y - n. What is the remainder when v is divided by 4?
1
Let v(r) = 13*r + 7. What is the remainder when 159 is divided by v(1)?
19
Let r = -88 - -145. Suppose 56 + 24 = 4*o. What is the remainder when r is divided by o?
17
Calculate the remainder when 726 is divided by 1/((-311)/52 - -6).
50
Let y = -101 + 96. Calculate the remainder when 10 is divided by (2 - 4 - y)*1 - -5.
2
Suppose -19*j + 988 = 7*j. Calculate the remainder when 45 is divided by j.
7
Suppose -3*v + 4*y = 61, -v - 4*v - 109 = -3*y. Let z = 13 - v. What is the remainder when z is divided by 19?
17
What is the remainder when 184/(-138) - ((-332)/6 + -2) is divided by 37?
19
Let x = -13 + 47. Suppose -19 = 2*y - 3*t, -3*t + 6 = -y - 11. What is the remainder when x is divided by 132/18 + 2 + y/6?
7
Let z(n) = -n**2 - 14*n - 7. Let m be z(-12). Let g = -11 + m. Calculate the remainder when 30 is divided by 2 + -2 - (-96)/g.
14
Suppose 0 = 3*k - 0*k - 153. Let l = -13 + 31. Let x = l + 9. What is the remainder when k is divided by x?
24
Let x(s) = s**2 + 8*s + 1. Let g be x(-10). Suppose -g - 7 = 4*p. Let w = p - -11. Calculate the remainder when 14 is divided by w.
2
Let x = -245 + 42. Let c be 2 + -4 - (x + -1). Suppose 0 = 5*a - 20, -4*h + 3*a + c + 42 = 0. What is the remainder when h is divided by 22?
20
Suppose -y - 2*o = -115, -2*y = o - 0*o - 236. What is the remainder when y is divided by 18?
11
Suppose -2*a - 5 = -41. Let f(d) = 87*d**2 - 5*d + 6. What is the remainder when f(1) is divided by a?
16
Suppose -5*a + 2*v - 6*v = 36, 0 = 5*a + 2*v + 28. Let b be 8/(-6)*6/a. Suppose b*c - 14 = 54. Calculate the remainder when c is divided by 12.
10
Let j(n) = -17*n**3 - 2*n**2 + 7*n + 5. What is the remainder when j(-2) is divided by 16?
7
Let i(p) = 17*p**2 - 5*p + 4. Calculate the remainder when i(-5) is divided by 17.
12
Calculate the remainder when (-18)/(1 + (-23)/20) is divided by 40.
0
Let n = -4 - -9. Suppose -4*a + 5*j = -13 - 65, -a + 15 = j. What is the remainder when a is divided by n?
2
Let q(k) = -k**3 - 15*k**2 + 30*k + 119. What is the remainder when q(-17) is divided by 45?
7
Let o = -1241 - -1326. Calculate the remainder when 498 is divided by o.
73
Let o(d) = d**2 + 2*d - 72. What is the remainder when o(13) is divided by 43?
37
Suppose -12*l = 6*l - 3096. Calculate the remainder when l is divided by 46.
34
Let n = 522 - 515. What is the remainder when (-74)/(-6) + (-3)/9 is divided by n?
5
Let i(j) = 15*j**2 - 3*j + 19. What is the remainder when i(3) is divided by 45?
10
Let m = -73 + 93. Suppose -2*s - 4*d + 4 + m = 0, -3*d + 28 = 4*s. What is the remainder when 11 is divided by s?
3
Suppose -18*x + 13680 = 2*x. Suppose 0 = 7*i - i - x. Calculate the remainder when i is divided by 30.
24
Suppose 18*t + 10*t = 392. What is the remainder when 93 is divided